vert 13 (base 9) to base 6.
20
What is 20 (base 6) in base 15?
c
What is -36 (base 16) in base 11?
-4a
What is 113 (base 6) in base 5?
140
27 (base 10) to base 16
1b
Convert -102 (base 5) to base 12.
-23
Convert 4 (base 14) to base 7.
4
1 (base 15) to base 5
1
-85 (base 12) to base 9
-122
Convert 23 (base 7) to base 13.
14
What is 5b (base 14) in base 16?
51
Convert 23 (base 9) to base 7.
30
7 (base 16) to base 7
10
Convert -1 (base 11) to base 6.
-1
Convert -11000 (base 2) to base 9.
-26
What is 4 (base 11) in base 6?
4
50 (base 7) to base 6
55
Convert -290 (base 10) to base 16.
-122
Convert 2 (base 4) to base 16.
2
Convert 18 (base 16) to base 3.
220
What is -14 (base 10) in base 9?
-15
Convert 5 (base 11) to base 14.
5
What is 18 (base 15) in base 12?
1b
What is 3 (base 7) in base 15?
3
Convert 3 (base 14) to base 4.
3
Convert 15 (base 12) to base 2.
10001
Convert -2 (base 12) to base 16.
-2
Convert -11 (base 13) to base 9.
-15
1 (base 14) to base 8
1
-233 (base 9) to base 15
-cc
3 (base 8) to base 7
3
What is -335 (base 6) in base 3?
-11212
What is 203 (base 9) in base 15?
b0
What is -1001 (base 2) in base 3?
-100
-27 (base 16) to base 9
-43
What is -140 (base 8) in base 12?
-80
What is 40 (base 10) in base 6?
104
Convert 1e (base 16) to base 7.
42
Convert 6 (base 10) to base 3.
20
What is 3 (base 16) in base 8?
3
-14 (base 15) to base 12
-17
Convert 0 (base 11) to base 9.
0
0 (base 15) to base 10
0
What is -3 (base 5) in base 9?
-3
Convert 1 (base 16) to base 15.
1
Convert 1 (base 14) to base 13.
1
Convert -42 (base 16) to base 13.
-51
Convert -201 (base 4) to base 11.
-30
What is 1 (base 8) in base 16?
1
What is -110 (base 4) in base 9?
-22
Convert 28 (base 13) to base 12.
2a
What is 20 (base 9) in base 2?
10010
153 (base 6) to base 5
234
Convert -2 (base 11) to base 8.
-2
Convert -100 (base 15) to base 3.
-22100
46 (base 11) to base 3
1212
What is 4 (base 9) in base 12?
4
What is -5c (base 13) in base 16?
-4d
-1000 (base 2) to base 13
-8
1 (base 15) to base 12
1
3 (base 9) to base 13
3
Convert -154 (base 12) to base 9.
-251
-122 (base 13) to base 7
-401
Convert -10 (base 2) to base 8.
-2
What is -7 (base 8) in base 15?
-7
-223 (base 4) to base 8
-53
What is 34 (base 10) in base 13?
28
12 (base 9) to base 14
b
What is 2 (base 14) in base 15?
2
Convert -2 (base 7) to base 3.
-2
-10 (base 6) to base 11
-6
-1 (base 9) to base 8
-1
Convert -33 (base 10) to base 5.
-113
Convert -2 (base 15) to base 8.
-2
146 (base 11) to base 6
443
-10 (base 6) to base 5
-11
-1110 (base 2) to base 9
-15
12 (base 16) to base 2
10010
Convert -3 (base 16) to base 9.
-3
Convert 8 (base 12) to base 14.
8
3 (base 6) to base 10
3
What is 20 (base 5) in base 10?
10
What is c (base 16) in base 4?
30
-14 (base 5) to base 11
-9
What is 9 (base 11) in base 10?
9
-10 (base 5) to base 16
-5
What is 101 (base 3) in base 4?
22
Convert -24 (base 16) to base 5.
-121
What is 48 (base 11) in base 6?
124
-2001 (base 3) to base 14
-3d
Convert 33 (base 12) to base 4.
213
Convert -22 (base 9) to base 10.
-20
What is 18 (base 11) in base 15?
14
-237 (base 8) to base 15
-a9
-23 (base 6) to base 3
-120
4 (base 9) to base 12
4
-3 (base 16) to base 6
-3
6 (base 8) to base 5
11
Convert 116 (base 7) to base 6.
142
What is 102 (base 3) in base 10?
11
What is -10 (base 2) in base 6?
-2
-6 (base 9) to base 8
-6
What is 1052 (base 6) in base 9?
305
What is -3 (base 10) in base 4?
-3
1112 (base 3) to base 13
32
What is -231 (base 4) in base 10?
-45
What is -13 (base 4) in base 11?
-7
What is 57 (base 11) in base 7?
116
df (base 16) to base 7
436
Convert -54 (base 15) to base 3.
-2221
What is 3 (base 12) in base 16?
3
What is -11221 (base 3) in base 15?
-8d
What is -2 (base 12) in base 8?
-2
Convert -1 (base 5) to base 11.
-1
What is 5c (base 16) in base 5?
332
Convert -6 (base 10) to base 6.
-10
-204 (base 11) to base 15
-116
Convert 15 (base 6) to base 9.
12
What is 40 (base 14) in base 7?
110
-1 (base 12) to base 4
-1
What is -248 (base 9) in base 6?
-542
Convert -6 (base 11) to base 3.
-20
Convert -30 (base 5) to base 12.
-13
What is -f6 (base 16) in base 12?
-186
What is -13 (base 8) in base 11?
-10
What is a (base 16) in base 14?
a
-101100101 (base 2) to base 14
-1b7
What is 2d (base 16) in base 8?
55
Convert 13c (base 15) to base 4.
10122
Convert -13 (base 4) to base 2.
-111
-26 (base 11) to base 13
-22
Convert -6 (base 13) to base 2.
-110
What is -3 (base 12) in base 7?
-3
What is -10 (base 3) in base 9?
-3
Convert 32 (base 11) to base 12.
2b
Convert 2a (base 11) to base 9.
35
What is 1 (base 4) in base 14?
1
-11 (base 12) to base 5
-23
-2 (base 6) to base 11
-2
What is -1a3 (base 11) in base 15?
-109
Convert 110 (base 2) to base 8.
6
Convert 41 (base 13) to base 3.
1222
Convert -6 (base 11) to base 6.
-10
-3 (base 6) to base 13
-3
What is 10 (base 5) in base 10?
5
154 (base 9) to base 6
334
Convert 31 (base 5) to base 6.
24
Convert 61 (base 12) to base 5.
243
-11 (base 4) to base 10
-5
What is 16 (base 12) in base 14?
14
What is 32 (base 14) in base 13?
35
What is 224 (base 5) in base 11?
59
-164 (base 11) to base 3
-21002
Convert -120 (base 4) to base 11.
-22
What is 200 (base 3) in base 14?
14
72 (base 11) to base 4
1033
What is 10 (base 2) in base 12?
2
Convert 1 (base 6) to base 3.
1
What is 58 (base 14) in base 8?
116
0 (base 8) to base 10
0
What is 110 (base 2) in base 12?
6
-1123 (base 4) to base 6
-231
What is 8a (base 11) in base 6?
242
What is 9 (base 12) in base 4?
21
What is 110101 (base 2) in base 10?
53
172 (base 9) to base 10
146
What is -13 (base 10) in base 12?
-11
Convert 11 (base 9) to base 8.
12
What is -120 (base 3) in base 5?
-30
What is 17 (base 8) in base 6?
23
2 (base 10) to base 9
2
Convert 18 (base 9) to base 3.
122
1 (base 3) to base 5
1
What is -1 (base 8) in base 4?
-1
Convert 23 (base 16) to base 13.
29
Convert 487 (base 9) to base 10.
403
What is -2210 (base 3) in base 2?
-1001011
-1 (base 13) to base 9
-1
What is 7 (base 14) in base 3?
21
What is -5 (base 15) in base 2?
-101
12 (base 5) to base 14
7
-1 (base 9) to base 15
-1
Convert -1 (base 6) to base 5.
-1
What is -1 (base 5) in base 7?
-1
What is 15 (base 9) in base 4?
32
Convert 53 (base 7) to base 15.
28
What is -233 (base 4) in base 2?
-101111
Convert c (base 16) to base 13.
c
Convert 1b (base 16) to base 4.
123
What is 26 (base 13) in base 7?
44
What is 163 (base 8) in base 11?
a5
14 (base 6) to base 16
a
-2 (base 11) to base 7
-2
What is -72 (base 14) in base 2?
-1100100
Convert -26 (base 12) to base 10.
-30
Convert 1 (base 15) to base 12.
1
Convert -3 (base 8) to base 7.
-3
5d (base 14) to base 2
1010011
Convert 55 (base 13) to base 9.
77
What is 53 (base 9) in base 11?
44
What is 42 (base 9) in base 13?
2c
3 (base 7) to base 15
3
27 (base 12) to base 11
29
Convert -4 (base 12) to base 11.
-4
100110 (base 2) to base 7
53
-1152 (base 6) to base 8
-434
Convert 2 (base 4) to base 12.
2
Convert 12 (base 3) to base 4.
11
What is -1 (base 16) in base 10?
-1
What is 0 (base 12) in base 8?
0
Convert -14 (base 12) to base 13.
-13
What is -152 (base 11) in base 10?
-178
Convert -1 (base 5) to base 14.
-1
21 (base 4) to base 12
9
What is -5 (base 6) in base 8?
-5
Convert 20 (base 3) to base 9.
6
Convert -10 (base 4) to base 3.
-11
What is 2 (base 8) in base 3?
2
Convert 51 (base 7) to base 13.
2a
-11101011 (base 2) to base 6
-1031
-16 (base 11) to base 16
-11
a (base 11) to base 7
13
Convert 15 (base 16) to base 9.
23
-a (base 12) to base 7
-13
b (base 16) to base 11
10
What is 10 (base 3) in base 6?
3
27 (base 8) to base 12
1b
What is -3 (base 9) in base 13?
-3
Convert 20 (base 11) to base 3.
211
Convert -100111111 (base 2) to base 9.
-384
What is -4 (base 11) in base 12?
-4
What is 1 (base 5) in base 11?
1
What is -24 (base 6) in base 2?
-10000
12 (base 3) to base 14
5
-3 (base 8) to base 2
-11
What is 9 (base 13) in base 14?
9
-4 (base 6) to base 3
-11
What is -33 (base 6) in base 15?
-16
What is -3b (base 15) in base 11?
-51
What is -1 (base 8) in base 15?
-1
102 (base 4) to base 11
17
What is 3 (base 6) in base 11?
3
What is -118 (base 11) in base 13?
-aa
-10 (base 3) to base 4
-3
1001100 (base 2) to base 6
204
Convert -33 (base 6) to base 3.
-210
2 (base 9) to base 7
2
What is 45 (base 6) in bas